 5, 67190549
What are the prime factors of 564982007?
564982007
What are the prime factors of 321051196?
2, 80262799
List the prime factors of 1357500970.
2, 5, 7, 43, 450997
List the prime factors of 47796094.
2, 173, 138139
What are the prime factors of 109714390?
2, 5, 10971439
What are the prime factors of 6598988?
2, 11, 47, 3191
List the prime factors of 10437227.
337, 30971
What are the prime factors of 516308915?
5, 37, 2790859
List the prime factors of 194824152.
2, 3, 73, 101, 367
List the prime factors of 42905125.
5, 47, 67, 109
What are the prime factors of 5769612477?
3, 97, 2202983
List the prime factors of 97785210.
2, 3, 5, 19, 171553
What are the prime factors of 3453852340?
2, 5, 47, 337, 10903
What are the prime factors of 3394492483?
3394492483
What are the prime factors of 12823568?
2, 29, 953
List the prime factors of 1269195435.
3, 5, 17, 79, 21001
What are the prime factors of 46762071?
3, 283, 55079
List the prime factors of 104394065.
5, 541, 38593
List the prime factors of 1380580061.
7, 29, 389, 17483
What are the prime factors of 174852136?
2, 19, 29, 39667
List the prime factors of 1464187449.
3, 41, 223, 53381
What are the prime factors of 222984154?
2, 43, 929, 2791
What are the prime factors of 7188201781?
97, 719, 103067
What are the prime factors of 141836192?
2, 4432381
What are the prime factors of 2121848842?
2, 37, 28673633
List the prime factors of 95621233.
95621233
List the prime factors of 287854371.
3, 7, 217577
What are the prime factors of 986096038?
2, 43, 2777, 4129
What are the prime factors of 325294724?
2, 81323681
List the prime factors of 30181705.
5, 83, 72727
What are the prime factors of 1221417438?
2, 3, 23, 1223, 7237
List the prime factors of 424506743.
41, 941, 11003
List the prime factors of 110705008.
2, 281, 24623
What are the prime factors of 872928809?
872928809
What are the prime factors of 1975404591?
3, 353, 23029
What are the prime factors of 562320736?
2, 79, 222437
What are the prime factors of 63223794?
2, 3, 1170811
What are the prime factors of 319235234?
2, 159617617
What are the prime factors of 446148340?
2, 5, 11, 17, 119291
List the prime factors of 1884872882.
2, 59, 15973499
List the prime factors of 403214044.
2, 100803511
What are the prime factors of 4545289305?
3, 5, 101006429
What are the prime factors of 648671335?
5, 13, 191, 52249
List the prime factors of 78893660.
2, 5, 3944683
List the prime factors of 12263312.
2, 766457
List the prime factors of 1992152856.
2, 3, 83006369
List the prime factors of 26865378.
2, 3, 497507
List the prime factors of 7753725.
3, 5, 7, 547
List the prime factors of 44675459.
44675459
What are the prime factors of 134013376?
2, 7, 299137
What are the prime factors of 161752560?
2, 3, 5, 23, 29303
List the prime factors of 392230346.
2, 503, 389891
What are the prime factors of 80478648?
2, 3, 1117759
List the prime factors of 10074689.
10074689
List the prime factors of 314013384.
2, 3, 31, 269, 523
List the prime factors of 316981104.
2, 3, 11, 19, 1663
List the prime factors of 644440797.
3, 7, 11, 13, 929
What are the prime factors of 8166276256?
2, 255196133
What are the prime factors of 58893066?
2, 3, 17, 192461
What are the prime factors of 736481686?
2, 19, 19381097
What are the prime factors of 504970425?
3, 5, 89, 151, 167
What are the prime factors of 32778182?
2, 16389091
What are the prime factors of 4188823705?
5, 11, 76160431
What are the prime factors of 3235472364?
2, 3, 677, 398261
What are the prime factors of 51390295?
5, 11, 449, 2081
What are the prime factors of 8826195148?
2, 89, 487, 50909
List the prime factors of 172687638.
2, 3, 28781273
List the prime factors of 2567100425.
5, 89, 1153753
List the prime factors of 84558591.
3, 13, 722723
What are the prime factors of 5602738?
2, 2801369
List the prime factors of 47825633.
1259, 37987
What are the prime factors of 20067639?
3, 67, 99839
List the prime factors of 4670528337.
3, 17, 10175443
What are the prime factors of 1669453760?
2, 5, 13, 401311
List the prime factors of 83433251.
11, 257, 2683
What are the prime factors of 132512706?
2, 3, 23, 106693
List the prime factors of 1238135602.
2, 11, 17, 103, 32141
What are the prime factors of 4127145215?
5, 825429043
List the prime factors of 111588771.
3, 7, 5313751
What are the prime factors of 205214946?
2, 3, 97, 503, 701
List the prime factors of 88433245.
5, 2729, 6481
List the prime factors of 417987165.
3, 5, 23, 89, 13613
What are the prime factors of 825593977?
13, 193, 329053
What are the prime factors of 136461706?
2, 101, 675553
What are the prime factors of 102457755?
3, 5, 23, 98993
What are the prime factors of 141431195?
5, 28286239
What are the prime factors of 607838068?
2, 151959517
What are the prime factors of 541788879?
3, 601, 300493
What are the prime factors of 179008319?
7, 1327, 2753
What are the prime factors of 1306711962?
2, 3, 2671, 27179
List the prime factors of 121262963.
121262963
List the prime factors of 215382790.
2, 5, 7, 3076897
List the prime factors of 35654183.
35654183
What are the prime factors of 84432944?
2, 5277059
List the prime factors of 44756964.
2, 3, 7, 97, 1831
What are the prime factors of 55129720?
2, 5, 103, 13381
List the prime factors of 52791263.
7, 2131, 3539
List the prime factors of 1260455328.
2, 3, 11, 53, 7507
What are the prime factors of 846327670?
2, 5, 84632767
What are the prime factors of 4857091093?
4857091093
List the prime factors of 117813901.
3253, 36217
What are the prime factors of 73840970?
2, 5, 7, 139, 7589
List the prime factors of 3285938.
2, 31, 52999
What are the prime factors of 630484224?
2, 3, 41, 20023
List the prime factors of 22891471.
22891471
List the prime factors of 73094273.
7, 19, 463, 1187
List the prime factors of 3431001415.
5, 31, 22135493
What are the prime factors of 75742765?
5, 7, 31, 69809
List the prime factors of 1627294467.
3, 3089, 175601
What are the prime factors of 22704633?
3, 7, 360391
What are the prime factors of 31129615?
5, 11, 29, 673
What are the prime factors of 117685489?
397, 296437
List the prime factors of 7502242.
2, 11, 29, 1069
What are the prime factors of 3053208384?
2, 3, 1766903
List the prime factors of 983132124.
2, 3, 13, 19, 331691
List the prime factors of 1852089567.
3, 47, 193, 68059
What are the prime factors of 131776293?
3, 11, 3993221
List the prime factors of 12538270.
2, 5, 109, 11503
List the prime factors of 2709295395.
3, 5, 9547, 18919
What are the prime factors of 24344574?
2, 3, 1091, 3719
What are the prime factors of 2227332072?
2, 3, 7, 13257929
What are the prime factors of 126817437?
3, 42272479
List the prime factors of 577033367.
577033367
List the prime factors of 897685123.
897685123
What are the prime factors of 44266410?
2, 3, 5, 149, 3301
List the prime factors of 110561038.
2, 7, 19, 415643
List the prime factors of 189906903.
3, 37, 190097
List the prime factors of 67869339.
3, 22623113
List the prime factors of 46967673.
3, 41, 383, 997
List the prime factors of 1130888380.
2, 5, 23, 1447, 1699
List the prime factors of 232432969.
857, 271217
What are the prime factors of 2619890505?
3, 5, 58219789
List the prime factors of 18690557.
109, 171473
What are the prime factors of 590180150?
2, 5, 7, 1686229
List the prime factors of 964157464.
2, 120519683
What are the prime factors of 56459728?
2, 13, 521
What are the prime factors of 136541136?
2, 3, 2844607
What are the prime factors of 11637477?
3, 43, 30071
What are the prime factors of 42494388?
2, 3, 3541199
What are the prime factors of 1140806895?
3, 5, 89, 577, 1481
List the prime factors of 54449143.
7, 137, 8111
List the prime factors of 308982847.
41, 7536167
What are the prime factors of 59932163?
59932163
List the prime factors of 425114698.
2, 212557349
What are the prime factors of 1110605619?
3, 53, 6984941
What are the prime factors of 332019642?
2, 3, 19, 153287
List the prime factors of 33927197.
33927197
What are the prime factors of 53657903?
13, 313, 13187
What are the prime factors of 205685716?
2, 19, 2706391
What are the prime factors of 79335616?
2, 1239619
List the prime factors of 1149253839.
3, 17, 834607
List the prime factors of 247656941.
7, 131, 